[INFO] cloning repository https://github.com/mahdi-b/slim_quick
[INFO] running `Command { std: "git" "-c" "credential.helper=" "-c" "credential.helper=/workspace/cargo-home/bin/git-credential-null" "clone" "--bare" "https://github.com/mahdi-b/slim_quick" "/workspace/cache/git-repos/https%3A%2F%2Fgithub.com%2Fmahdi-b%2Fslim_quick", kill_on_drop: false }`
[INFO] [stderr] Cloning into bare repository '/workspace/cache/git-repos/https%3A%2F%2Fgithub.com%2Fmahdi-b%2Fslim_quick'...
[INFO] running `Command { std: "git" "rev-parse" "HEAD", kill_on_drop: false }`
[INFO] [stdout] a78df3191f67678e0d05464153c30ded9d32daad
[INFO] checking mahdi-b/slim_quick against master#af3c6e733a40e671550e0f0f5aeecaa13772ba56 for pr-74989
[INFO] running `Command { std: "git" "clone" "/workspace/cache/git-repos/https%3A%2F%2Fgithub.com%2Fmahdi-b%2Fslim_quick" "/workspace/builds/worker-11/source", kill_on_drop: false }`
[INFO] [stderr] Cloning into '/workspace/builds/worker-11/source'...
[INFO] [stderr] done.
[INFO] validating manifest of git repo https://github.com/mahdi-b/slim_quick on toolchain af3c6e733a40e671550e0f0f5aeecaa13772ba56
[INFO] running `Command { std: "/workspace/cargo-home/bin/cargo" "+af3c6e733a40e671550e0f0f5aeecaa13772ba56" "read-manifest" "--manifest-path" "Cargo.toml", kill_on_drop: false }`
[INFO] started tweaking git repo https://github.com/mahdi-b/slim_quick
[INFO] finished tweaking git repo https://github.com/mahdi-b/slim_quick
[INFO] tweaked toml for git repo https://github.com/mahdi-b/slim_quick written to /workspace/builds/worker-11/source/Cargo.toml
[INFO] crate git repo https://github.com/mahdi-b/slim_quick already has a lockfile, it will not be regenerated
[INFO] running `Command { std: "/workspace/cargo-home/bin/cargo" "+af3c6e733a40e671550e0f0f5aeecaa13772ba56" "fetch" "--locked" "--manifest-path" "Cargo.toml", kill_on_drop: false }`
[INFO] [stderr]     Blocking waiting for file lock on package cache
[INFO] running `Command { std: "docker" "create" "-v" "/var/lib/crater-agent-workspace/builds/worker-11/target:/opt/rustwide/target:rw,Z" "-v" "/var/lib/crater-agent-workspace/builds/worker-11/source:/opt/rustwide/workdir:ro,Z" "-v" "/var/lib/crater-agent-workspace/cargo-home:/opt/rustwide/cargo-home:ro,Z" "-v" "/var/lib/crater-agent-workspace/rustup-home:/opt/rustwide/rustup-home:ro,Z" "-e" "SOURCE_DIR=/opt/rustwide/workdir" "-e" "CARGO_TARGET_DIR=/opt/rustwide/target" "-e" "CARGO_HOME=/opt/rustwide/cargo-home" "-e" "RUSTUP_HOME=/opt/rustwide/rustup-home" "-w" "/opt/rustwide/workdir" "-m" "1610612736" "--user" "0:0" "--network" "none" "rustops/crates-build-env@sha256:d92eaeed33fa75130ca1ee6c8a01d1ffb62bac859dfdfb3450e3e5d1c0146529" "/opt/rustwide/cargo-home/bin/cargo" "+af3c6e733a40e671550e0f0f5aeecaa13772ba56" "metadata" "--no-deps" "--format-version=1", kill_on_drop: false }`
[INFO] [stderr] WARNING: Your kernel does not support swap limit capabilities or the cgroup is not mounted. Memory limited without swap.
[INFO] [stdout] b2aeceddfd95ab8b6ac700bdf2eea8e7c568619ba574d4186d1dcef23f486d3f
[INFO] running `Command { std: "docker" "start" "-a" "b2aeceddfd95ab8b6ac700bdf2eea8e7c568619ba574d4186d1dcef23f486d3f", kill_on_drop: false }`
[INFO] running `Command { std: "docker" "inspect" "b2aeceddfd95ab8b6ac700bdf2eea8e7c568619ba574d4186d1dcef23f486d3f", kill_on_drop: false }`
[INFO] running `Command { std: "docker" "rm" "-f" "b2aeceddfd95ab8b6ac700bdf2eea8e7c568619ba574d4186d1dcef23f486d3f", kill_on_drop: false }`
[INFO] [stdout] b2aeceddfd95ab8b6ac700bdf2eea8e7c568619ba574d4186d1dcef23f486d3f
[INFO] running `Command { std: "docker" "create" "-v" "/var/lib/crater-agent-workspace/builds/worker-11/target:/opt/rustwide/target:rw,Z" "-v" "/var/lib/crater-agent-workspace/builds/worker-11/source:/opt/rustwide/workdir:ro,Z" "-v" "/var/lib/crater-agent-workspace/cargo-home:/opt/rustwide/cargo-home:ro,Z" "-v" "/var/lib/crater-agent-workspace/rustup-home:/opt/rustwide/rustup-home:ro,Z" "-e" "SOURCE_DIR=/opt/rustwide/workdir" "-e" "CARGO_TARGET_DIR=/opt/rustwide/target" "-e" "CARGO_INCREMENTAL=0" "-e" "RUST_BACKTRACE=full" "-e" "RUSTFLAGS=--cap-lints=forbid" "-e" "CARGO_HOME=/opt/rustwide/cargo-home" "-e" "RUSTUP_HOME=/opt/rustwide/rustup-home" "-w" "/opt/rustwide/workdir" "-m" "1610612736" "--user" "0:0" "--network" "none" "rustops/crates-build-env@sha256:d92eaeed33fa75130ca1ee6c8a01d1ffb62bac859dfdfb3450e3e5d1c0146529" "/opt/rustwide/cargo-home/bin/cargo" "+af3c6e733a40e671550e0f0f5aeecaa13772ba56" "check" "--frozen" "--all" "--all-targets" "--message-format=json", kill_on_drop: false }`
[INFO] [stdout] 7b065558ccfac733ff4ff7011782b6150fdeea1aaaa11d4a1695d0095d0d6289
[INFO] [stderr] WARNING: Your kernel does not support swap limit capabilities or the cgroup is not mounted. Memory limited without swap.
[INFO] running `Command { std: "docker" "start" "-a" "7b065558ccfac733ff4ff7011782b6150fdeea1aaaa11d4a1695d0095d0d6289", kill_on_drop: false }`
[INFO] [stderr]     Checking num-traits v0.1.42
[INFO] [stderr]     Checking libc v0.2.36
[INFO] [stderr]     Checking void v1.0.2
[INFO] [stderr]     Checking byteorder v1.2.1
[INFO] [stderr]     Checking vec_map v0.6.0
[INFO] [stderr]     Checking approx v0.1.1
[INFO] [stderr]     Checking multiset v0.0.4
[INFO] [stderr]     Checking lazy_static v1.0.0
[INFO] [stderr]     Checking itertools v0.5.10
[INFO] [stderr]     Checking unreachable v0.1.1
[INFO] [stderr]     Checking rand v0.3.20
[INFO] [stderr]     Checking memchr v1.0.2
[INFO] [stderr]     Checking time v0.1.39
[INFO] [stderr]     Checking csv v0.15.0
[INFO] [stderr]     Checking num-integer v0.1.35
[INFO] [stderr]     Checking num-complex v0.1.41
[INFO] [stderr]     Checking ordered-float v0.3.0
[INFO] [stderr]     Checking itertools-num v0.1.1
[INFO] [stderr]     Checking num-iter v0.1.34
[INFO] [stderr]     Checking num-bigint v0.1.41
[INFO] [stderr]     Checking num-rational v0.1.41
[INFO] [stderr]     Checking num v0.1.41
[INFO] [stderr]     Checking nalgebra v0.10.1
[INFO] [stderr]     Checking bio v0.11.0
[INFO] [stderr]     Checking slim_quick v0.1.0 (/opt/rustwide/workdir)
[INFO] [stdout] error[E0432]: unresolved import `slim_quick::data_structures`
[INFO] [stdout]   --> src/main.rs:10:5
[INFO] [stdout]    |
[INFO] [stdout] 10 | use slim_quick::data_structures;
[INFO] [stdout]    |     ^^^^^^^^^^^^^^^^^^^^^^^^^^^ no `data_structures` in the root
[INFO] [stdout] 
[INFO] [stdout] 
[INFO] [stdout] error[E0432]: unresolved import `slim_quick::utils`
[INFO] [stdout]   --> src/main.rs:11:5
[INFO] [stdout]    |
[INFO] [stdout] 11 | use slim_quick::utils;
[INFO] [stdout]    |     ^^^^^^^^^^^^^^^^^ no `utils` in the root
[INFO] [stdout] 
[INFO] [stdout] 
[INFO] [stdout] error[E0433]: failed to resolve: could not find `data_structures` in `slim_quick`
[INFO] [stdout]   --> src/main.rs:60:39
[INFO] [stdout]    |
[INFO] [stdout] 60 |     let mut signatures  = slim_quick::data_structures::Signatures::new();
[INFO] [stdout]    |                                       ^^^^^^^^^^^^^^^ could not find `data_structures` in `slim_quick`
[INFO] [stdout] 
[INFO] [stdout] 
[INFO] [stdout] error[E0425]: cannot find function `find_partitions` in crate `slim_quick`
[INFO] [stdout]    --> src/main.rs:271:37
[INFO] [stdout]     |
[INFO] [stdout] 271 |     let my_partitions = slim_quick::find_partitions(nb_seqs, nb_subsets, seqs, &mut signatures);
[INFO] [stdout]     |                                     ^^^^^^^^^^^^^^^ not found in `slim_quick`
[INFO] [stdout] 
[INFO] [stdout] 
[INFO] [stdout] error[E0432]: unresolved import `slim_quick::data_structures`
[INFO] [stdout]   --> src/main.rs:10:5
[INFO] [stdout]    |
[INFO] [stdout] 10 | use slim_quick::data_structures;
[INFO] [stdout]    |     ^^^^^^^^^^^^^^^^^^^^^^^^^^^ no `data_structures` in the root
[INFO] [stdout] 
[INFO] [stdout] 
[INFO] [stdout] error[E0432]: unresolved import `slim_quick::utils`
[INFO] [stdout]   --> src/main.rs:11:5
[INFO] [stdout]    |
[INFO] [stdout] 11 | use slim_quick::utils;
[INFO] [stdout]    |     ^^^^^^^^^^^^^^^^^ no `utils` in the root
[INFO] [stdout] 
[INFO] [stdout] 
[INFO] [stdout] error: aborting due to 4 previous errors
[INFO] [stdout] 
[INFO] [stdout] 
[INFO] [stdout] Some errors have detailed explanations: E0425, E0432, E0433.
[INFO] [stdout] 
[INFO] [stdout] For more information about an error, try `rustc --explain E0425`.
[INFO] [stdout] 
[INFO] [stderr] error: could not compile `slim_quick`.
[INFO] [stderr] 
[INFO] [stderr] To learn more, run the command again with --verbose.
[INFO] [stderr] warning: build failed, waiting for other jobs to finish...
[INFO] [stdout] error[E0433]: failed to resolve: could not find `data_structures` in `slim_quick`
[INFO] [stdout]   --> src/main.rs:60:39
[INFO] [stdout]    |
[INFO] [stdout] 60 |     let mut signatures  = slim_quick::data_structures::Signatures::new();
[INFO] [stdout]    |                                       ^^^^^^^^^^^^^^^ could not find `data_structures` in `slim_quick`
[INFO] [stdout] 
[INFO] [stdout] 
[INFO] [stdout] error[E0425]: cannot find function `find_partitions` in crate `slim_quick`
[INFO] [stdout]    --> src/main.rs:271:37
[INFO] [stdout]     |
[INFO] [stdout] 271 |     let my_partitions = slim_quick::find_partitions(nb_seqs, nb_subsets, seqs, &mut signatures);
[INFO] [stdout]     |                                     ^^^^^^^^^^^^^^^ not found in `slim_quick`
[INFO] [stdout] 
[INFO] [stdout] 
[INFO] [stdout] error: aborting due to 4 previous errors
[INFO] [stdout] 
[INFO] [stdout] 
[INFO] [stdout] Some errors have detailed explanations: E0425, E0432, E0433.
[INFO] [stdout] 
[INFO] [stdout] For more information about an error, try `rustc --explain E0425`.
[INFO] [stdout] 
[INFO] [stderr] error: build failed
[INFO] running `Command { std: "docker" "inspect" "7b065558ccfac733ff4ff7011782b6150fdeea1aaaa11d4a1695d0095d0d6289", kill_on_drop: false }`
[INFO] running `Command { std: "docker" "rm" "-f" "7b065558ccfac733ff4ff7011782b6150fdeea1aaaa11d4a1695d0095d0d6289", kill_on_drop: false }`
[INFO] [stdout] 7b065558ccfac733ff4ff7011782b6150fdeea1aaaa11d4a1695d0095d0d6289
